(9). Suppose 0 = d*y + y - 12. Let g = 2 + y. What is the units digit of g?
5
Let s(b) = -b**2 - 5*b + 6. Let v = -5 + -1. Let h be s(v). Suppose -2*a + j - 17 = -5*a, 5*a + 3*j - 27 = h. What is the units digit of a?
6
Suppose -i - l + 2 = 0, 15 = 5*i - l + 5*l. Suppose i = -3*o + j, 0*o - 5*j = -3*o + 1. Let f = 4 + o. What is the units digit of f?
1
Let d(b) = b**2 - b + 10. Let f = 3 + -3. Suppose -4*a - 4*t = 0, f*a = -4*a + 2*t. What is the tens digit of d(a)?
1
Let a(b) be the second derivative of 3/2*b**2 - 5/12*b**4 + 0*b**3 + 0 - 1/20*b**5 - 3*b. What is the units digit of a(-5)?
3
Let a(w) = 6*w + 3. Let h(i) = i + 1. Let q(g) = -a(g) + h(g). What is the units digit of q(-4)?
8
Suppose 3*w - 60 = -0. What is the units digit of w?
0
Let x = -7 - -1. Let b be (-2)/(((-15)/x)/(-5)). Suppose -b*v + 15 = 3. What is the units digit of v?
3
Suppose -31 - 14 = -3*q. Let n = -8 + q. What is the units digit of n?
7
Suppose 3*d - 202 = -5*w + 7*d, -2*w + 4*d + 88 = 0. Suppose -t + 3*t - w = 4*h, t - 5*h = 28. What is the units digit of t?
3
Let c(r) = -4*r**3 + r**2 - r. Let m(w) = 5*w**3 - 2*w**2 + w. Let f(n) = 4*c(n) + 3*m(n). Let z = 0 + -2. What is the units digit of f(z)?
2
Let a(h) = -h**2 - 11*h + 15. Let f(b) = -3*b**2 + b + 2. Let o be f(-2). What is the units digit of a(o)?
3
Suppose -5*r = -3*b - 2, -3*b - 4 = -r - 3*r. What is the tens digit of (1/(-3))/(r/78)?
1
Suppose -22 - 17 = -2*h + 5*v, -h + 17 = -2*v. What is the units digit of h?
7
Let i = 67 - -29. What is the tens digit of i?
9
Let g be (-6)/(-9) - (-30)/9. Suppose -5*f = -d + 25, -g*d - 23 = -7*d + 2*f. What is the units digit of d?
5
Suppose 3*o - 7*o = -252. Let u = o - 42. What is the units digit of u?
1
Let t(j) = 3*j**2 - 9*j + 2. What is the tens digit of t(5)?
3
Suppose 11 = -5*s - 2*p - 19, 5*p = -2*s - 12. What is the tens digit of (-58)/s - 1/(-3)?
1
Let y(z) = -z**3 + 8*z**2 - 2*z - 2. What is the tens digit of y(7)?
3
Let h = 8 - -73. What is the tens digit of h?
8
Suppose 0 = k + k. Suppose 0 = -3*f - k*f + 3. What is the units digit of f?
1
Suppose 624 = 5*a - 1. What is the tens digit of a?
2
Let f(v) = 4*v**3 - v - 1. What is the units digit of f(4)?
1
Let b(o) = o**2 - o + 4. Let j be 0/(0 + 6/3). What is the units digit of b(j)?
4
Let x = -57 - -84. What is the units digit of x?
7
Let b = 11 - 19. Let d = -5 + 1. Let o = d - b. What is the units digit of o?
4
Let t(x) = -x**3 + 3*x**2 - 4*x + 8. What is the hundreds digit of t(-4)?
1
Let v(g) = -g**3 - 6*g**2 - 5*g - 8. What is the units digit of v(-7)?
6
Let l = 0 + 7. What is the units digit of l?
7
Suppose 3*o + 2*m = -2*o + 148, -o + 12 = -4*m. Suppose o = 4*x + 4. What is the units digit of x?
6
Let h(r) be the first derivative of r**4/4 - 2*r**3/3 - r**2/2 + 4*r + 7. What is the tens digit of h(3)?
1
Let g be (-2)/(-6) + 14/21. Let o = g + -3. Let b = o - -8. What is the units digit of b?
6
Suppose -4*y + 452 = -2*g + 7*g, -3*y = -9. What is the units digit of g?
8
Let c(r) = r**3 - 5*r**2 + 4*r + 3. What is the units digit of c(5)?
3
Let k(d) = -d**3 - d**2 + d - 10. Let o be k(0). What is the units digit of 8/20 - 86/o?
9
Suppose 0 = 5*x + c - 261, -2*x + 100 = -5*c + c. What is the units digit of (x/3)/(10/15)?
6
Let h(q) = q + 1. Let l be h(-2). What is the units digit of -14*(-3)/l*-1?
2
Suppose 0 = -t - 0*t + 5. What is the units digit of t?
5
Let c be (57/(-6))/((-3)/6). Suppose 0*n = w - 3*n + 1, -3*w - 2*n = -c. What is the units digit of w?
5
What is the tens digit of (-2567)/(-9) - (-28)/(-126)?
8
What is the tens digit of (29 - 7)/(4/6)?
3
Suppose 2 = -c - 0. Let a = c - -10. What is the units digit of a?
8
Let c = 47 - 11. Let d = c + 3. What is the tens digit of d?
3
Let v be (-2 - -2) + (58 - -1). Suppose -5*n + 1 = -v. What is the units digit of n?
2
Suppose -f - f = c - 76, -3*f - 3*c + 108 = 0. What is the units digit of f?
0
Suppose 5*q - 3*q = 3*d - 174, -4*q = -4*d + 232. What is the units digit of d?
8
Suppose -4*v + 67 = 3*o - 5*v, 5*o = -5*v + 145. What is the tens digit of o?
2
Let v(z) = z + 9. Let q be v(-7). Let a = q - 0. What is the units digit of a?
2
Suppose 5*r = -t + 15, -2*r + 26 + 3 = 5*t. Suppose -78 = -t*w + 2*w. What is the tens digit of w?
2
Let l = -51 + 320. What is the tens digit of l?
6
Suppose -3*k = 5*c - 132 - 276, -4*k + 544 = -c. What is the units digit of k?
6
Suppose 2*d = 3*v + d - 10, 10 = -2*v + 4*d. Let x be v*(-3 + 33/15). What is the tens digit of (-74)/x + (-18)/12?
1
Suppose 3*j - 4*j = 5. Let t(h) = h**3 + 5*h**2 - 5*h - 5. What is the tens digit of t(j)?
2
Let n(m) = 10*m - 1. What is the units digit of n(3)?
9
Let v be (1/(-3))/(1/(-33)). Let f = -2 + v. What is the units digit of f?
9
Let j(h) = 38*h + 32. What is the units digit of j(6)?
0
Suppose 1 = 2*w - 5. Suppose p - 80 = -w*p. What is the tens digit of p?
2
Let w(r) = 7*r - 6. Let k be w(5). Suppose g = 2*y - 2 - 6, 2*g - k = -5*y. Suppose -g*i = -i - 15. What is the tens digit of i?
1
Suppose 14 = 4*v - 58. Suppose 0 = -5*p + 2*j - 4*j - v, 4*p = -5*j - 11. Let o = 8 + p. What is the units digit of o?
4
Suppose -4*v + 6*v - 40 = 0. Suppose 0*s + 2*s = v. What is the tens digit of s?
1
Let i(a) = a**2 - a + 4. Let f(m) = 2*m**2 - 2*m + 8. Let x(l) = 4*f(l) - 7*i(l). What is the tens digit of x(5)?
2
Let o(w) = 9*w - 9. What is the units digit of o(12)?
9
Suppose 2*h + 4 = 0, -4 = -0*x - 2*x - 2*h. Suppose x*s - 53 = -5*f, -3*s = -8*s + 4*f + 15. What is the units digit of s?
7
Let p(h) = 2*h**3 - 5*h**2 - 1. Let d be 48/18*(-6)/(-4). What is the units digit of p(d)?
7
Suppose 5 = 3*n - 7. Let j(m) = 2*m**2 - 6*m + 2. What is the tens digit of j(n)?
1
Let v be (2/4)/(2/56). Let q = v - 29. What is the units digit of -2 - 1/(1/q)?
3
Suppose -u - 2*t - 7 = 2*t, 2*u + 2 = -2*t. Let s be (-10)/25*(-5)/u. Suppose -s*l + 11 + 3 = 0. What is the units digit of l?
7
Let j(q) = -q**2 + 8*q - 3. Let h be j(5). Suppose k = -h + 37. What is the units digit of k?
5
Let o(c) be the first derivative of -c**2/2 - 7*c - 3. Let m be o(-7). What is the units digit of 7 + m*3/9?
7
Let f be (-1 + -4)*(-2)/(-5). Let u be (4/(-6))/(f/(-18)). Let a = 8 + u. What is the units digit of a?
2
Let r be ((-24)/7)/(1/(-7)). Let s = r + -16. What is the units digit of s?
8
Let q = 47 - 7. What is the tens digit of q?
4
Suppose -85 = -5*l + d + 79, 5*l = 2*d + 163. What is the units digit of l?
3
Let l(x) = -x**2 - 17*x - 37. What is the units digit of l(-9)?
5
Suppose 2*n - 2 + 6 = 5*z, -3*z = 4*n + 8. Let x = 1 + 5. Let v = n + x. What is the units digit of v?
4
Let h be (-118)/(-3) + 4/6. Let m(s) = -4*s - 3. Let r be m(-2). Suppose d = r*d - h. What is the units digit of d?
0
Suppose -t + 29 = -3*x, -4*x - 65 = x - 5*t. Let w be ((-81)/(-12))/((-2)/x). Suppose 0 = 3*p - 3*q - w, -2*p - 2*p = -q - 30. What is the units digit of p?
7
Suppose -5*n + 16 = 2*t - 6*t, -3*n = -12. What is the units digit of t?
1
Let s be 8/(-44) - (-134)/11. Suppose -3*l + 0*l + s = 0. What is the units digit of l?
4
Suppose 3*p + 3 = 2*p, 0 = -y + 5*p + 172. What is the hundreds digit of y?
1
Let u(m) = 6*m + 3. Suppose 7*k = 5*z + 2*k - 5, 12 = 4*k. What is the tens digit of u(z)?
2
Let d(c) = -c**3 - 3*c**2 - 2*c - 6. Let h be (-1 + (-4)/1)*1. What is the units digit of d(h)?
4
Let q = -51 - -77. What is the tens digit of q?
2
Let o(y) = y**3 + 16*y**2 - 4*y - 6. What is the tens digit of o(-16)?
5
Let n be 4/(-6)*(-1 + -2). Suppose 2*y - a - 211 = -2*y, -n*a = 4*y - 202. Suppose -3*x + y = x. What is the units digit of x?
3
Let u = 240 - 132. What is the hundreds digit of u?
1
Let s(u) = u - 5 - 7*u + 5*u. What is the units digit of s(-14)?
9
Let n = 18 + 31. What is the units digit of n?
9
Suppose -11*f = -13*f + 10. Suppose 7 + 28 = f*h. What is the units digit of h?
7
Let f(i) be the first derivative of -2*i**3/3 - 3*i**2/2 - 4. Let o be f(-2). What is the units digit of 4/(-4)*o/1?
2
Suppose 4*b - 5 = 15. Suppose 4*j - b*j = -4, 4*y - 24 = -3*j. Suppose -3*w = y*l - 45, 3*w + 4*l = 5*w - 6. What is the units digit of w?
1
Suppose -114 = n - 4*n. What is the tens digit of n?
3
Let h be (2 - 0)/2 + 11. Suppose 2*b - 5*b = -h. What is the units digit of b?
4
Let i be (-4)/20 - (-179)/(-5). Let t = i + 64. Suppose c - t 